{"id":4,"date":"2017-05-13T11:08:08","date_gmt":"2017-05-13T11:08:08","guid":{"rendered":"https:\/\/www.topvidentes.com\/conchi\/?page_id=4"},"modified":"2020-02-24T15:15:59","modified_gmt":"2020-02-24T15:15:59","slug":"conchi-cartomante-psicologa-del-alma","status":"publish","type":"page","link":"https:\/\/www.topvidentes.com\/conchi\/","title":{"rendered":"Conchi, Cartomante y psic\u00f3loga del alma"},"content":{"rendered":"<h2 style=\"text-align: center;\"><strong>CAMBIA LA FORMA EN QUE TE SIENTES,<\/strong><\/h2>\n<h2 style=\"text-align: center;\"><strong>RECUPERA TU VIDA<\/strong><\/h2>\n<p>\u00bfTe cuesta encontrar motivos para confiar y estar segura de ti misma?<\/p>\n<p>\u00bfTe frustra que tu falta de seguridad te haga perder oportunidades?<\/p>\n<p>\u00bfVes como personas menos capaces que t\u00fa conf\u00edan m\u00e1s en sus posibilidades?<\/p>\n<p><strong>Descubre paso a paso c\u00f3mo volver a confiar en ti misma<\/strong><\/p>\n<p>Las situaciones que vives en tu d\u00eda a d\u00eda te superan. Hay una larga lista de tareas pendientes y t\u00fa no sabes ni por d\u00f3nde empezar.<\/p>\n<p>Crees que est\u00e1s triste y agotada, pero quiz\u00e1 lo \u00fanico que te ocurre es que hasta ahora nadie ha sabido escucharte de verdad.<\/p>\n<p>Buscas tu felicidad en los lugares err\u00f3neos. En las personas que te hacen mal. Y no sabes como salir de ese c\u00edrculo vicioso.<br \/>\n<img loading=\"lazy\" decoding=\"async\" class=\"aligncenter size-full wp-image-28\" src=\"https:\/\/www.topvidentes.com\/conchi\/wp-content\/uploads\/2017\/05\/conchi-3-300x200.jpg\" alt=\"\" width=\"600\" height=\"400\" srcset=\"https:\/\/www.topvidentes.com\/conchi\/wp-content\/uploads\/2017\/05\/conchi-3-300x200.jpg 300w, https:\/\/www.topvidentes.com\/conchi\/wp-content\/uploads\/2017\/05\/conchi-3.jpg 600w\" sizes=\"auto, (max-width: 600px) 100vw, 600px\" \/><\/p>\n<div class=\"one-third first\" style=\"text-align: center; margin-bottom: 15px; color: #ffffff;\"><a class=\"myButton\" href=\"tel:806430465\" rel=\"nofollow\">Llama ahora a Conchi<br \/>\n806 430 465<\/a><\/div>\n<div class=\"one-third\" style=\"text-align: center; margin-bottom: 15px; color: #ffffff;\"><a class=\"myButton2\" style=\"text-align: center;\" href=\"tel:942010240\" rel=\"nofollow\">Llamada local,<br \/>\npagas con tarjeta 942 010 240<\/a><\/div>\n<div class=\"one-third\" style=\"text-align: center; padding-bottom: 60px; margin-bottom: 15px; color: #ffffff;\"><a class=\"myButton3\" style=\"text-align: center;\" href=\"https:\/\/tfno.es\/amp\/?o=Conchi\" target=\"_blank\" rel=\"nofollow noopener noreferrer\">Pago con tarjeta,<br \/>\nLLAMADA GRATIS<\/a><\/div>\n<div style=\"clear: both;\"><\/div>\n<h3 style=\"text-align: center;\"><strong>CONCHI, CARTOMANTE Y PSIC\u00d3LOGA DEL ALMA.<\/strong><\/h3>\n<h3 style=\"text-align: center;\"><strong>AYUDARTE ES MI VOCACI\u00d3N<\/strong><\/h3>\n<p>La palabra \u201cPsicolog\u00eda\u201d significa literalmente \u201cestudio del alma\u201d.<\/p>\n<p>Me ocupo de curar los da\u00f1os del coraz\u00f3n y sanar las heridas del alma.<\/p>\n<p>Cuando te sientas perdida y est\u00e9s d\u00e1ndole vueltas a la cabeza sin saber hacia d\u00f3nde ir, por d\u00f3nde seguir y cu\u00e1l es el siguiente paso, <strong>recuerda que soy tu voz amiga que estar\u00e1 disponible todas las noches desde las 22h.<\/strong>, soy consciente de que esas son las horas de la noche en que las mujeres nos sentimos m\u00e1s solas y comenzamos a reflexionar sobre todo lo que hemos hecho mal en la vida. Por eso quiero estar ah\u00ed disponible para ti en esos momentos vulnerables.<\/p>\n<h3 style=\"text-align: center;\"><strong>\u00bfBUSCAS SANAR TU CORAZ\u00d3N?<\/strong><\/h3>\n<blockquote><p><em>\u201c\u00bfPor qu\u00e9 no me quiere?\u201d<\/em><\/p>\n<p><em>\u201c\u00bfQu\u00e9 he hecho mal?\u201d<\/em><\/p>\n<p><em>\u201c\u00bfQu\u00e9 podr\u00eda haber hecho diferente para que nuestra relaci\u00f3n funcionara?\u201d<\/em><\/p><\/blockquote>\n<p>Son algunas de las preguntas que te haces cuando est\u00e1s sola.<\/p>\n<p>En realidad no le echas de menos a \u00e9l, sino a la persona que cre\u00edas que era.<\/p>\n<p><img loading=\"lazy\" decoding=\"async\" class=\"aligncenter size-full wp-image-31\" src=\"https:\/\/www.topvidentes.com\/conchi\/wp-content\/uploads\/2017\/05\/conchi-tarot-2.jpg\" alt=\"\" width=\"600\" height=\"400\" srcset=\"https:\/\/www.topvidentes.com\/conchi\/wp-content\/uploads\/2017\/05\/conchi-tarot-2.jpg 600w, https:\/\/www.topvidentes.com\/conchi\/wp-content\/uploads\/2017\/05\/conchi-tarot-2-300x200.jpg 300w\" sizes=\"auto, (max-width: 600px) 100vw, 600px\" \/><\/p>\n<h3 style=\"text-align: center;\"><strong>\u00bfSUFRES CUANDO LA OTRA PERSONA EMPIEZA A TARDAR EN CONTESTAR A TUS MENSAJES Y SE MUESTRA FR\u00cdO Y DISTANTE AL RESPONDER A TUS LLAMADAS?<\/strong><\/h3>\n<p>S\u00e9 que cuando os conocisteis, lo primero en que te fijaste fue la forma en que te miraba. El brillo de sus ojos. Y su boca al formar esa sonrisa que termin\u00f3 de conquistarte.<\/p>\n<p>\u201cVay\u00e1monos conociendo\u201d, te dijo, pues los hombres tienen una tendencia natural a protegerse desde el principio, poniendo una especie de muro invisible entre \u00e9l y t\u00fa que al principio no pudiste ver.<\/p>\n<div class=\"one-third first\" style=\"text-align: center; margin-bottom: 15px; color: #ffffff;\"><a class=\"myButton\" href=\"tel:806430465\" rel=\"nofollow\">Llama ahora a Conchi<br \/>\n806 430 465<\/a><\/div>\n<div class=\"one-third\" style=\"text-align: center; margin-bottom: 15px; color: #ffffff;\"><a class=\"myButton2\" style=\"text-align: center;\" href=\"tel:942010240\" rel=\"nofollow\">Llamada local,<br \/>\npagas con tarjeta 942 010 240<\/a><\/div>\n<div class=\"one-third\" style=\"text-align: center; padding-bottom: 60px; margin-bottom: 15px; color: #ffffff;\"><a class=\"myButton3\" style=\"text-align: center;\" href=\"https:\/\/tfno.es\/amp\/?o=Conchi\" target=\"_blank\" rel=\"nofollow noopener noreferrer\">Pago con tarjeta,<br \/>\nLLAMADA GRATIS<\/a><\/div>\n<div style=\"clear: both;\"><\/div>\n<p><strong>T\u00fa te lanzaste. Lo entregaste todo. Te implicaste emocionalmente.<\/strong><\/p>\n<p>Despu\u00e9s no ha funcionado. Puede que sig\u00e1is hablando o vi\u00e9ndoos, pero \u00e9l no llena tu coraz\u00f3n, su distancia emocional te da\u00f1a cada d\u00eda y te hace sentir que tienes un hambre de amor que nadie puede llenar.<\/p>\n<p>\u00bfQu\u00e9 ha pasado? \u00bfPor qu\u00e9, otra vez, no ha funcionado?<\/p>\n<p><strong>Crees que \u00e9l es el \u00fanico, tu amor de verdad.<\/strong><\/p>\n<p><strong>Piensas que es la persona que el destino te ten\u00eda reservada.<\/strong><\/p>\n<p>\u00c9l no es una mala persona. Pero se est\u00e1 comportando como un ego\u00edsta y un cobarde. \u00bfMereces a alguien as\u00ed a tu lado?<\/p>\n<p>El amor de verdad est\u00e1 esper\u00e1ndote.<\/p>\n<h3 style=\"text-align: center;\"><strong>LOGRAR\u00c1S SER FELIZ CUANDO HAYA ALGUIEN A TU LADO QUE TE DEMUESTRE AMOR VERDADERO<\/strong><\/h3>\n<p>El amor est\u00e1 en ti misma, amiga m\u00eda. En tu aura. En esa luz especial que te caracteriza.<\/p>\n<p>T\u00fa eres \u00fanica.<\/p>\n<p>A trav\u00e9s de la cartomancia voy a mostrarte los caminos que has de tomar y que te conducir\u00e1n a la felicidad.<\/p>\n<p>C\u00f3mo ser m\u00e1s feliz en tu trabajo, c\u00f3mo empezar un nuevo proyecto, qu\u00e9 hacer para que esa nueva relaci\u00f3n por fin funcione. Te voy a mostrar todos los puntos de luz que siempre han estado contigo y que pertenecen a ti: Eres un ser especial y yo voy a demostr\u00e1rtelo.<\/p>\n<p>Ya es hora de que tomes las riendas de tu vida y empieces a ser feliz.<\/p>\n<div class=\"one-third first\" style=\"text-align: center; margin-bottom: 15px; color: #ffffff;\"><a class=\"myButton\" href=\"tel:806430465\" rel=\"nofollow\">Llama ahora a Conchi<br \/>\n806 430 465<\/a><\/div>\n<div class=\"one-third\" style=\"text-align: center; margin-bottom: 15px; color: #ffffff;\"><a class=\"myButton2\" style=\"text-align: center;\" href=\"tel:942010240\" rel=\"nofollow\">Llamada local,<br \/>\npagas con tarjeta 942 010 240<\/a><\/div>\n<div class=\"one-third\" style=\"text-align: center; padding-bottom: 60px; margin-bottom: 15px; color: #ffffff;\"><a class=\"myButton3\" style=\"text-align: center;\" href=\"https:\/\/tfno.es\/amp\/?o=Conchi\" target=\"_blank\" rel=\"nofollow noopener noreferrer\">Pago con tarjeta,<br \/>\nLLAMADA GRATIS<\/a><\/div>\n<div style=\"clear: both;\"><\/div>\n","protected":false},"excerpt":{"rendered":"<p>CAMBIA LA FORMA EN QUE TE SIENTES, RECUPERA TU VIDA \u00bfTe cuesta encontrar motivos para confiar y estar segura de ti misma? \u00bfTe frustra que tu falta de seguridad te haga perder oportunidades? \u00bfVes como personas menos capaces que t\u00fa conf\u00edan m\u00e1s en sus posibilidades? Descubre paso a paso c\u00f3mo volver a confiar en ti [&hellip;]<\/p>\n","protected":false},"author":1,"featured_media":0,"parent":0,"menu_order":0,"comment_status":"closed","ping_status":"open","template":"","meta":{"_genesis_hide_title":false,"_genesis_hide_breadcrumbs":false,"_genesis_hide_singular_image":false,"_genesis_hide_footer_widgets":false,"_genesis_custom_body_class":"","_genesis_custom_post_class":"","_genesis_layout":"","footnotes":""},"class_list":{"0":"post-4","1":"page","2":"type-page","3":"status-publish","5":"entry"},"yoast_head":"<!-- This site is optimized with the Yoast SEO plugin v26.8 - https:\/\/yoast.com\/product\/yoast-seo-wordpress\/ -->\n<title>Conchi, Cartomante y psic\u00f3loga del alma - Conchi Vidente, Psic\u00f3loga del Alma<\/title>\n<meta name=\"robots\" content=\"index, follow, max-snippet:-1, max-image-preview:large, max-video-preview:-1\" \/>\n<link rel=\"canonical\" href=\"https:\/\/www.topvidentes.com\/conchi\/\" \/>\n<meta property=\"og:locale\" content=\"es_ES\" \/>\n<meta property=\"og:type\" content=\"article\" \/>\n<meta property=\"og:title\" content=\"Conchi, Cartomante y psic\u00f3loga del alma - Conchi Vidente, Psic\u00f3loga del Alma\" \/>\n<meta property=\"og:description\" content=\"CAMBIA LA FORMA EN QUE TE SIENTES, RECUPERA TU VIDA \u00bfTe cuesta encontrar motivos para confiar y estar segura de ti misma? \u00bfTe frustra que tu falta de seguridad te haga perder oportunidades? \u00bfVes como personas menos capaces que t\u00fa conf\u00edan m\u00e1s en sus posibilidades? Descubre paso a paso c\u00f3mo volver a confiar en ti [&hellip;]\" \/>\n<meta property=\"og:url\" content=\"https:\/\/www.topvidentes.com\/conchi\/\" \/>\n<meta property=\"og:site_name\" content=\"Conchi Vidente, Psic\u00f3loga del Alma\" \/>\n<meta property=\"article:modified_time\" content=\"2020-02-24T15:15:59+00:00\" \/>\n<meta property=\"og:image\" content=\"https:\/\/www.topvidentes.com\/conchi\/wp-content\/uploads\/2017\/05\/conchi-3-300x200.jpg\" \/>\n<meta name=\"twitter:card\" content=\"summary_large_image\" \/>\n<meta name=\"twitter:label1\" content=\"Tiempo de lectura\" \/>\n\t<meta name=\"twitter:data1\" content=\"4 minutos\" \/>\n<script type=\"application\/ld+json\" class=\"yoast-schema-graph\">{\"@context\":\"https:\/\/schema.org\",\"@graph\":[{\"@type\":\"WebPage\",\"@id\":\"https:\/\/www.topvidentes.com\/conchi\/\",\"url\":\"https:\/\/www.topvidentes.com\/conchi\/\",\"name\":\"Conchi, Cartomante y psic\u00f3loga del alma - Conchi Vidente, Psic\u00f3loga del Alma\",\"isPartOf\":{\"@id\":\"https:\/\/www.topvidentes.com\/conchi\/#website\"},\"primaryImageOfPage\":{\"@id\":\"https:\/\/www.topvidentes.com\/conchi\/#primaryimage\"},\"image\":{\"@id\":\"https:\/\/www.topvidentes.com\/conchi\/#primaryimage\"},\"thumbnailUrl\":\"https:\/\/www.topvidentes.com\/conchi\/wp-content\/uploads\/2017\/05\/conchi-3-300x200.jpg\",\"datePublished\":\"2017-05-13T11:08:08+00:00\",\"dateModified\":\"2020-02-24T15:15:59+00:00\",\"breadcrumb\":{\"@id\":\"https:\/\/www.topvidentes.com\/conchi\/#breadcrumb\"},\"inLanguage\":\"es\",\"potentialAction\":[{\"@type\":\"ReadAction\",\"target\":[\"https:\/\/www.topvidentes.com\/conchi\/\"]}]},{\"@type\":\"ImageObject\",\"inLanguage\":\"es\",\"@id\":\"https:\/\/www.topvidentes.com\/conchi\/#primaryimage\",\"url\":\"https:\/\/www.topvidentes.com\/conchi\/wp-content\/uploads\/2017\/05\/conchi-3.jpg\",\"contentUrl\":\"https:\/\/www.topvidentes.com\/conchi\/wp-content\/uploads\/2017\/05\/conchi-3.jpg\",\"width\":600,\"height\":400},{\"@type\":\"BreadcrumbList\",\"@id\":\"https:\/\/www.topvidentes.com\/conchi\/#breadcrumb\",\"itemListElement\":[{\"@type\":\"ListItem\",\"position\":1,\"name\":\"Portada\",\"item\":\"https:\/\/www.topvidentes.com\/conchi\/\"},{\"@type\":\"ListItem\",\"position\":2,\"name\":\"Conchi, Cartomante y psic\u00f3loga del alma\"}]},{\"@type\":\"WebSite\",\"@id\":\"https:\/\/www.topvidentes.com\/conchi\/#website\",\"url\":\"https:\/\/www.topvidentes.com\/conchi\/\",\"name\":\"Conchi Vidente, Psic\u00f3loga del Alma\",\"description\":\"\u00bfBuscas sanar tu coraz\u00f3n?\",\"potentialAction\":[{\"@type\":\"SearchAction\",\"target\":{\"@type\":\"EntryPoint\",\"urlTemplate\":\"https:\/\/www.topvidentes.com\/conchi\/?s={search_term_string}\"},\"query-input\":{\"@type\":\"PropertyValueSpecification\",\"valueRequired\":true,\"valueName\":\"search_term_string\"}}],\"inLanguage\":\"es\"}]}<\/script>\n<!-- \/ Yoast SEO plugin. -->","yoast_head_json":{"title":"Conchi, Cartomante y psic\u00f3loga del alma - Conchi Vidente, Psic\u00f3loga del Alma","robots":{"index":"index","follow":"follow","max-snippet":"max-snippet:-1","max-image-preview":"max-image-preview:large","max-video-preview":"max-video-preview:-1"},"canonical":"https:\/\/www.topvidentes.com\/conchi\/","og_locale":"es_ES","og_type":"article","og_title":"Conchi, Cartomante y psic\u00f3loga del alma - Conchi Vidente, Psic\u00f3loga del Alma","og_description":"CAMBIA LA FORMA EN QUE TE SIENTES, RECUPERA TU VIDA \u00bfTe cuesta encontrar motivos para confiar y estar segura de ti misma? \u00bfTe frustra que tu falta de seguridad te haga perder oportunidades? \u00bfVes como personas menos capaces que t\u00fa conf\u00edan m\u00e1s en sus posibilidades? Descubre paso a paso c\u00f3mo volver a confiar en ti [&hellip;]","og_url":"https:\/\/www.topvidentes.com\/conchi\/","og_site_name":"Conchi Vidente, Psic\u00f3loga del Alma","article_modified_time":"2020-02-24T15:15:59+00:00","og_image":[{"url":"https:\/\/www.topvidentes.com\/conchi\/wp-content\/uploads\/2017\/05\/conchi-3-300x200.jpg","type":"","width":"","height":""}],"twitter_card":"summary_large_image","twitter_misc":{"Tiempo de lectura":"4 minutos"},"schema":{"@context":"https:\/\/schema.org","@graph":[{"@type":"WebPage","@id":"https:\/\/www.topvidentes.com\/conchi\/","url":"https:\/\/www.topvidentes.com\/conchi\/","name":"Conchi, Cartomante y psic\u00f3loga del alma - Conchi Vidente, Psic\u00f3loga del Alma","isPartOf":{"@id":"https:\/\/www.topvidentes.com\/conchi\/#website"},"primaryImageOfPage":{"@id":"https:\/\/www.topvidentes.com\/conchi\/#primaryimage"},"image":{"@id":"https:\/\/www.topvidentes.com\/conchi\/#primaryimage"},"thumbnailUrl":"https:\/\/www.topvidentes.com\/conchi\/wp-content\/uploads\/2017\/05\/conchi-3-300x200.jpg","datePublished":"2017-05-13T11:08:08+00:00","dateModified":"2020-02-24T15:15:59+00:00","breadcrumb":{"@id":"https:\/\/www.topvidentes.com\/conchi\/#breadcrumb"},"inLanguage":"es","potentialAction":[{"@type":"ReadAction","target":["https:\/\/www.topvidentes.com\/conchi\/"]}]},{"@type":"ImageObject","inLanguage":"es","@id":"https:\/\/www.topvidentes.com\/conchi\/#primaryimage","url":"https:\/\/www.topvidentes.com\/conchi\/wp-content\/uploads\/2017\/05\/conchi-3.jpg","contentUrl":"https:\/\/www.topvidentes.com\/conchi\/wp-content\/uploads\/2017\/05\/conchi-3.jpg","width":600,"height":400},{"@type":"BreadcrumbList","@id":"https:\/\/www.topvidentes.com\/conchi\/#breadcrumb","itemListElement":[{"@type":"ListItem","position":1,"name":"Portada","item":"https:\/\/www.topvidentes.com\/conchi\/"},{"@type":"ListItem","position":2,"name":"Conchi, Cartomante y psic\u00f3loga del alma"}]},{"@type":"WebSite","@id":"https:\/\/www.topvidentes.com\/conchi\/#website","url":"https:\/\/www.topvidentes.com\/conchi\/","name":"Conchi Vidente, Psic\u00f3loga del Alma","description":"\u00bfBuscas sanar tu coraz\u00f3n?","potentialAction":[{"@type":"SearchAction","target":{"@type":"EntryPoint","urlTemplate":"https:\/\/www.topvidentes.com\/conchi\/?s={search_term_string}"},"query-input":{"@type":"PropertyValueSpecification","valueRequired":true,"valueName":"search_term_string"}}],"inLanguage":"es"}]}},"_links":{"self":[{"href":"https:\/\/www.topvidentes.com\/conchi\/wp-json\/wp\/v2\/pages\/4","targetHints":{"allow":["GET"]}}],"collection":[{"href":"https:\/\/www.topvidentes.com\/conchi\/wp-json\/wp\/v2\/pages"}],"about":[{"href":"https:\/\/www.topvidentes.com\/conchi\/wp-json\/wp\/v2\/types\/page"}],"author":[{"embeddable":true,"href":"https:\/\/www.topvidentes.com\/conchi\/wp-json\/wp\/v2\/users\/1"}],"replies":[{"embeddable":true,"href":"https:\/\/www.topvidentes.com\/conchi\/wp-json\/wp\/v2\/comments?post=4"}],"version-history":[{"count":3,"href":"https:\/\/www.topvidentes.com\/conchi\/wp-json\/wp\/v2\/pages\/4\/revisions"}],"predecessor-version":[{"id":92,"href":"https:\/\/www.topvidentes.com\/conchi\/wp-json\/wp\/v2\/pages\/4\/revisions\/92"}],"wp:attachment":[{"href":"https:\/\/www.topvidentes.com\/conchi\/wp-json\/wp\/v2\/media?parent=4"}],"curies":[{"name":"wp","href":"https:\/\/api.w.org\/{rel}","templated":true}]}}